ose 39 = 3*d - 3*p, 0 = -3*p + 6 - 3. Calculate the highest common factor of d and 42.
14
Suppose -87 = -2*m + 93. Suppose 0 = -5*g + 6*g - 10. Calculate the highest common factor of g and m.
10
Let f be ((-2 - 0) + -1 - -6) + 3. What is the greatest common factor of f and 12?
6
Let b(n) = -3*n - 5. Let u = 1 + -8. Let p be b(u). Suppose p + 17 = 3*q. Calculate the greatest common factor of q and 99.
11
Let y(p) = -12*p + 9*p + 4 - 6 - 13*p. Let r be y(-2). Calculate the greatest common divisor of 6 and r.
6
Let g be -2 - ((-35 - -1) + 2). What is the highest common divisor of g and 45?
15
Suppose -v + 4*v + 15 = 0. Let g(b) = b**2 + 2*b - 1. Let k be g(v). What is the greatest common divisor of k and 21?
7
Let o(u) = 51*u + 25. Let r be o(1). Let s = 46 + -27. What is the greatest common divisor of r and s?
19
Suppose -10 = -4*t - 2*h, -3*t + 15 + 15 = -3*h. What is the greatest common divisor of t and 10?
5
Let d be 260/36 + (-2)/9. Let l be (-6 + d)/((-2)/(-4)). Suppose l*b - 23 = 17. What is the greatest common factor of b and 30?
10
Let g(v) = -24*v + 1. Let u be g(-1). Let k = 2 - -3. Let j = u - k. What is the greatest common factor of j and 20?
20
Suppose 3*x - 6 = 3. Let r be ((-2)/x)/((-1)/3). Suppose p - 5*p - r*y + 50 = 0, 0 = 5*p + 3*y - 64. What is the highest common factor of p and 11?
11
Let o = -2 + 7. Suppose -a + 11 = 4*w, -7*a + 2*a = o*w - 25. Suppose -2*s + a*s - 2 = 0. Calculate the highest common factor of 1 and s.
1
Let s = 20 - 18. Calculate the highest common factor of 18 and s.
2
Let u(d) = d**3 + 3*d**2 + 2*d - 2. Let z be u(-2). Let b = -1 - z. Let i be ((-32)/8 + 1)*2/(-6). Calculate the highest common factor of b and i.
1
Let l be 136/20 + (-1)/(-5). What is the highest common divisor of l and 21?
7
Suppose 0 = -2*t + 1 + 3. Suppose -3*s + 4*z + 143 = -191, t*s + 5*z - 215 = 0. Suppose 8*p - 3*p = s. Calculate the highest common divisor of 11 and p.
11
Let v = -3 + 6. Suppose v*r + 35 = 5*n + r, 0 = 3*n + 5*r - 52. Suppose 2*x + 297 = 5*x. What is the greatest common factor of n and x?
9
Let n = 0 - -3. Let c be 50/n*3 - 0. Let r(w) = -w**3 - 5*w**2 - w. Let a be r(-5). Calculate the highest common divisor of a and c.
5
Suppose 0 = 2*b - 2*n - 22, 4*b = -0*n - 2*n + 26. Calculate the highest common divisor of 32 and b.
8
Suppose q = -q + 132. Let a be 312/14 + (-6)/21. Calculate the highest common divisor of a and q.
22
Let z = 2 - -3. What is the highest common divisor of 50 and z?
5
Let x be (-2)/6 - 421/(-3). Suppose -s + x = s. Calculate the highest common divisor of s and 28.
14
Suppose -2*a + 7 + 3 = 0. Let r(g) = 14*g - 3. Let o be r(2). Calculate the greatest common divisor of o and a.
5
Suppose 0 = -3*k - 6. Let r(q) = -q**2 + 4. Let d be r(0). Let w = d - k. Calculate the highest common divisor of w and 9.
3
Let l(a) = -7*a**2 + 2*a + 2. Let t be l(2). Let p = 37 + t. Calculate the greatest common divisor of p and 5.
5
Let s = -149 + 150. What is the greatest common divisor of 2 and s?
1
Let n(v) = -23*v**3 - 4*v - 3. Let a be n(-2). Calculate the greatest common factor of a and 27.
27
Let p(i) = -i**2 - i + 30. Let s be p(0). Suppose 2*h + 0*h - 62 = y, h + 5*y - 20 = 0. Suppose -4*d + h = d. Calculate the greatest common divisor of d and s.
6
Suppose 0 = l - 3*l + 112. Calculate the greatest common factor of 8 and l.
8
Let o = 10 + -5. Let r = -1 + o. Calculate the highest common divisor of r and 28.
4
Let y(u) = 2*u**2 + 4*u - 2. Let x be y(-4). What is the greatest common divisor of 2 and x?
2
Let j(o) = -4*o**3 + 6*o**2 + 6*o + 1. Let a be j(-3). Calculate the highest common factor of a and 29.
29
Suppose -3*i + 11 = 2*z, 6*i - 18 = i - 3*z. Suppose -3 = -i*u + 9. Suppose -u*w + 40 = -0*w. What is the highest common divisor of 2 and w?
2
Suppose 0 = g - j - 63, 3*g + 0*g + 4*j - 224 = 0. Calculate the greatest common divisor of 17 and g.
17
Let c = -17 - -61. Calculate the greatest common divisor of c and 11.
11
Let i = -75 - -90. Calculate the greatest common factor of i and 165.
15
Suppose 2*i + 0 - 92 = 0. Let a = -11 + i. What is the greatest common divisor of a and 5?
5
Suppose 36 = 4*d + g, 5*g + 13 = -7. Let v be 5/d + (-117)/(-6). Calculate the highest common factor of v and 4.
4
Suppose -3*p - 4*u + 16 = 0, -3*p = -u + 4*u - 18. Calculate the highest common divisor of 4 and p.
4
Let n be 10/65 + 230/26. Let r(s) = -3*s + 0*s - 1 + n. Let q be r(-12). What is the highest common factor of q and 11?
11
Suppose -50 = -2*a + a. Calculate the greatest common factor of a and 10.
10
Suppose 3 + 19 = f. What is the highest common divisor of f and 22?
22
Let a(y) = -5*y + 1 + 4*y + 2. Let d be a(-7). Calculate the highest common factor of 110 and d.
10
Let p(a) = -2*a**2 - 17*a - 16. Let l be p(-7). What is the greatest common factor of l and 35?
5
Let f be 10/(3*(-6)/(-27)). Suppose -7*l + f = -4*l. Suppose 30 = -4*k + l*k. Calculate the greatest common factor of k and 5.
5
Suppose -4*g + 512 = 5*z, -2*z + 5*g + 485 = 3*z. What is the greatest common factor of z and 40?
20
Suppose k = 2*h + 2*k - 6, -5*h + 4*k = -2. Suppose 0 = 6*f - h*f - 12. Calculate the greatest common factor of f and 3.
3
Let v(b) = -b**2 + 22*b + 5. Let x be v(21). What is the highest common divisor of 39 and x?
13
Let q = 12 + -17. Let g(f) = -f**3 + 4*f. Let y be g(-3). Let r = q + y. What is the highest common divisor of r and 20?
10
Let f(z) = 3*z - 1 + 2*z + 3*z**2 - 6*z. Let j be f(-1). Suppose -5*r - 85 = -j*a, 2 - 4 = -2*r. What is the greatest common divisor of a and 10?
10
Suppose -3*g + 4*z + 0 = -3, 2*z + 3 = g. Let o = g + 2. Let c(q) = -34*q**3 + q**2 + q + 1. Let a be c(o). What is the highest common factor of 5 and a?
5
Suppose -6 = 4*r - b + 26, 0 = 4*b. Let l = r + -4. Let o be 98/8 - (-3)/l. What is the highest common divisor of o and 84?
12
Suppose -5*o + 0*o + 5*b = -825, -o = -2*b - 160. Suppose -4*j + 68 = -0*j. Calculate the highest common divisor of o and j.
17
Let u = -29 + 121. Calculate the highest common factor of u and 23.
23
Suppose -37 - 32 = -3*v - 5*m, -23 = -v - 4*m. What is the greatest common factor of v and 207?
23
Let s be (-3)/2*24/18 + 21. What is the highest common divisor of s and 209?
19
Let k be 1*(0 + 15/3). Let i = 1 + k. Calculate the greatest common factor of 54 and i.
6
Suppose -5*t + 51 = g, 9 - 47 = -2*t + 4*g. Let v = t - -5. Let h = -10 + v. What is the greatest common factor of h and 12?
6
Let n be (10/(-4))/(8/48). Let g be -1 - (-1 - 0) - n. Calculate the highest common factor of g and 135.
15
Let p be (1 - 1)/(2 + -4). Suppose p = -3*z + 6, -4*n - 5*z + 52 = 2. What is the greatest common divisor of n and 40?
10
Let s be (5/(-4))/((-2)/(-8)). Let j(c) = -2*c + 7. Let f be j(s). Suppose 0 = 3*t, 0 = 5*d + 5*t + f - 192. Calculate the highest common factor of d and 5.
5
Suppose 2*s - 51 = 33. Suppose 2*y - s = 64. Suppose 0 = 4*b - 27 - y. What is the greatest common divisor of 50 and b?
10
Let q(f) = 2*f**3 - 11*f**2 + 11*f - 7. Let d be q(7). Suppose -2*i - 5*a + 137 = 0, -3*i = 4*a - 6 - d. Calculate the greatest common factor of i and 9.
9
Let w be (-10)/(-45) + -2*44/(-9). Calculate the greatest common factor of 70 and w.
10
Suppose 3*z - 46 - 35 = -3*y, 0 = 5*z - 20. Calculate the highest common factor of 161 and y.
23
Let k = 319 - -74. Let f = -394 + 208. Let u = k + f. What is the highest common divisor of u and 23?
23
Let x be (-3153)/(-39) + (-28)/(-182). Calculate the highest common factor of x and 27.
27
Let t = 126 + -99. What is the greatest common factor of t and 135?
27
Suppose 0 = g + 2*g - 6. Suppose g*z - 7*z = -60. What is the highest common factor of 4 and z?
4
Suppose 0 = -0*r - 2*r - 20. Let c = r + 28. Calculate the highest common factor of 6 and c.
6
Suppose 4*r + 2*t = 324, 2*t = -4*r + 6*t + 312. Calculate the greatest common divisor of r and 32.
16
Suppose 3*o = o - 5*m - 1, 0 = -2*o + 5*m + 9. Let u be (-2 - (0 - o)) + 6. Calculate the greatest common divisor of 3 and u.
3
Let i(f) = -f**3 - 2*f**2 - 6*f - 1. Suppose 5*l + r + 27 = -4, -5*l + 3*r = 47. Let h be i(l). What is the greatest common divisor of 26 and h?
26
Let z(p) = -p**2 + 20. Let c be z(0). What is the greatest common divisor of c and 20?
20
Suppose -t = -6*t. Suppose t 